
Let p(v) = v**3 + 8*v**2 + 8*v + 30. Give p(-7).
23
Let z(v) = 367*v - 47722. What is z(130)?
-12
Let h(a) = 26*a**3 - a**2 + 18*a - 16. What is h(1)?
27
Let w(k) = -9*k**2 + 3*k + 3. Calculate w(-1).
-9
Let h(v) = -6*v - 51. Give h(-9).
3
Let d(h) = 25*h + 440. Determine d(-9).
215
Let s(i) = 17*i**3 + 118*i**2 - 6*i + 2. Determine s(-7).
-5
Let p(l) = -2*l**3 + 6*l**2 + 12*l + 27. What is p(7)?
-281
Let d(p) = 2*p**2 + 59*p - 8. Give d(-31).
85
Let x(g) = -5*g**2 + 514*g + 2820. Give x(108).
12
Let x(n) = -71*n + 407. What is x(6)?
-19
Let j(w) = 1230*w + 3711. Give j(-3).
21
Let t(u) = -u**3 - 96*u**2 - 452*u + 200. What is t(-91)?
-73
Let i(y) = 2*y**3 - 29*y**2 - 5*y + 32. Calculate i(14).
-234
Let l(u) = -246*u - 2508. Determine l(-10).
-48
Let o(q) = 2*q**3 - q**2 - 27*q + 28. What is o(3)?
-8
Let c(b) = 116*b + 694. Calculate c(-6).
-2
Let q(m) = -14*m**3 + 4*m**2 - 26*m + 20. Calculate q(3).
-400
Let m(t) = 81*t - 534. Give m(7).
33
Let u(y) = 2067*y + 41332. Give u(-20).
-8
Let f(b) = -b**3 + 65*b**2 + 202*b + 138. Calculate f(68).
2
Let z(s) = s**2 - 69*s - 1711. What is z(-20)?
69
Let x(y) = 385*y - 2692. Give x(7).
3
Let a(u) = 116*u**3 - 3*u**2 - 3*u - 2. Determine a(-1).
-118
Let z(p) = 63*p**3 + 3*p**2 - 11*p + 16. Give z(2).
510
Let x(b) = -b**3 + 48*b**2 - 92*b - 15. Give x(46).
-15
Let y(u) = -u**2 - 58*u + 731. What is y(11)?
-28
Let b(u) = 12*u**2 - 25*u + 10. Determine b(3).
43
Let k(n) = -n**3 + 21*n**2 - 110*n - 6. Give k(10).
-6
Let p(a) = -a**3 - 3*a**2 + 2*a. What is p(-2)?
-8
Let p(i) = 153*i - 935. What is p(6)?
-17
Let m(b) = 37*b**2 - 9*b - 5. What is m(2)?
125
Let o(s) = 11*s**2 + 116*s - 14. Give o(-11).
41
Let f(d) = 1208*d - 9660. Calculate f(8).
4
Let p(y) = -293*y - 212. Give p(-1).
81
Let z(s) = -262*s + 22796. Determine z(87).
2
Let u(c) = 54*c + 1737. Determine u(-32).
9
Let a(r) = 112*r - 96. Determine a(7).
688
Let p(u) = u**3 - 5*u**2 + 19*u - 145. What is p(6)?
5
Let d(s) = -2*s**3 - 17*s**2 + 2*s + 152. Determine d(-7).
-9
Let u(j) = 35*j - 137. Calculate u(3).
-32
Let c(b) = b**3 + 29*b**2 + 52*b - 58. Determine c(-27).
-4
Let t(r) = 2*r**3 - 25*r**2 + 8*r + 20. Give t(12).
-28
Let j(k) = -9*k + 171. Give j(14).
45
Let u(a) = -1059*a + 27549. Determine u(26).
15
Let r(m) = -m**3 + 11*m**2 + 16*m - 42. Give r(12).
6
Let c(n) = -83*n + 1729. Determine c(21).
-14
Let l(n) = -2578*n + 2575. What is l(1)?
-3
Let g(p) = -p**2 - 19*p + 249. Give g(9).
-3
Let u(b) = b**3 - 19*b**2 + 28*b - 43. Determine u(18).
137
Let a(w) = -13*w + 149. Calculate a(8).
45
Let x(j) = j**3 + 11*j**2 + 5*j - 48. Give x(-10).
2
Let n(m) = -m**2 - 164*m - 1800. Give n(-12).
24
Let z(k) = 12*k**2 + 445*k - 431. Calculate z(-38).
-13
Let h(m) = -m**3 - 29*m**2 + 129*m - 101. Calculate h(-33).
-2
Let y(i) = i**3 - 63*i**2 - 145*i + 1019. Determine y(65).
44
Let j(m) = -23*m**2 + 6*m + 9. Give j(-2).
-95
Let z(b) = -8*b**2 - 71*b - 30. Give z(-9).
-39
Let n(u) = 11*u - 231. Calculate n(16).
-55
Let x(l) = -l**2 + 1116*l + 70553. Calculate x(-60).
-7
Let b(v) = 43*v + 1853. Determine b(-43).
4
Let z(a) = a**3 - 5*a**2 - 157*a - 17. What is z(-10)?
53
Let r(s) = -s**3 - 166*s**2 - 11*s - 1834. Determine r(-166).
-8
Let i(c) = 17*c**2 - 85*c + 4. Calculate i(5).
4
Let x(d) = d**3 - 5*d**2 - 6*d + 22. Determine x(6).
22
Let b(z) = -463*z - 32871. Determine b(-71).
2
Let h(w) = 2*w**3 + 23*w**2 + 15*w + 11. What is h(-11)?
-33
Let a(l) = 2*l**2 + 17*l + 78. What is a(-14)?
232
Let f(c) = -c**3 - 24*c**2 - 31*c - 115. Determine f(-23).
69
Let c(y) = 15*y**3 - 165*y**2 - 85*y + 921. Calculate c(11).
-14
Let k(y) = y**3 - 13*y**2 - 125*y + 1656. Calculate k(11).
39
Let r(p) = p**3 - 10*p**2 - 3*p + 116. What is r(9)?
8
Let h(m) = 127*m**2 + 50*m + 10. Give h(-2).
418
Let o(d) = 43*d - 4. What is o(-1)?
-47
Let z(t) = 20*t - 2014. Calculate z(99).
-34
Let l(i) = 336*i - 1827. Give l(7).
525
Let d(b) = -6448*b - 341743. What is d(-53)?
1
Let f(o) = -2*o**3 - 119*o**2 + 64*o + 174. Give f(-60).
-66
Let l(f) = -7*f**2 - 512*f + 2651. Give l(-78).
-1
Let v(k) = -k**3 - 271*k**2 - 1331*k - 269. What is v(-266)?
-3
Let q(x) = x**2 + 196*x + 8314. Give q(-62).
6
Let a(s) = -10*s + 374. What is a(31)?
64
Let k(h) = -390*h - 1534. Determine k(-4).
26
Let z(b) = 96*b - 2588. What is z(27)?
4
Let n(p) = 330*p + 603. What is n(-2)?
-57
Let k(i) = -53*i**3 + 11*i - 11. What is k(1)?
-53
Let q(c) = c**3 - 11*c**2 - 47*c + 388. What is q(5)?
3
Let s(q) = -8*q**2 - 185*q - 40. Give s(-23).
-17
Let t(b) = 18*b - 616. Give t(32).
-40
Let y(m) = 38*m - 26. Give y(4).
126
Let s(d) = -d + 41. Determine s(29).
12
Let a(z) = -7*z**2 + 154*z + 20. Calculate a(22).
20
Let g(b) = -5*b**2 + 24*b - 1. What is g(5)?
-6
Let n(x) = 12*x**3 + 205*x**2 + 21*x - 38. Determine n(-17).
-106
Let s(x) = -x**3 + 23*x**2 - 32*x + 222. Give s(22).
2
Let c(d) = -d**3 - d**2 + 5*d + 382. Give c(7).
25
Let h(k) = 2*k**3 + 9*k**2 + k + 56. What is h(-8)?
-400
Let h(u) = -217*u - 31031. Calculate h(-143).
0
Let g(s) = -s**3 + 35*s**2 - 92*s - 100. What is g(32)?
28
Let m(h) = -3*h**3 + 9*h**2 - 15*h - 1. Calculate m(2).
-19
Let h(z) = -14*z - 13. What is h(-1)?
1
Let j(g) = -2755*g + 33025. What is j(12)?
-35
Let l(f) = -f**3 + 49*f**2 - 434*f + 195. Give l(11).
19
Let u(q) = 3*q**3 + 2*q**2 + 18*q + 60. Calculate u(-3).
-57
Let y(h) = -6*h**2 - 50*h + 4. Calculate y(-4).
108
Let r(q) = -82*q - 52. Calculate r(0).
-52
Let u(d) = -3867*d - 11606. Calculate u(-3).
-5
Let f(u) = 101*u + 796. Give f(-8).
-12
Let o(u) = -6*u - 280. Determine o(-46).
-4
Let p(d) = -d**2 + 58*d - 850. Determine p(36).
-58
Let s(q) = q**3 - 28*q**2 - 281*q - 255. Determine s(36).
-3
Let g(x) = 24*x**3 + 6*x**2 + 1. Give g(1).
31
Let z(c) = 37*c**3 + 2*c**2 - 7*c - 14. Give z(-2).
-288
Let o(b) = -b**3 + 60*b**2 - 52*b + 6872. Give o(61).
-21
Let g(z) = 85*z - 1351. Calculate g(15).
-76
Let p(l) = -18*l - 2577. Give p(-143).
-3
Let o(a) = a**2 - 6*a + 11. Determine o(7).
18
Let f(a) = 836*a**2 + 7519*a + 19. Give f(-9).
64
Let n(z) = -55*z**2 + 8*z + 11. Give n(-1).
-52
Let j(p) = -2*p**3 + 142*p**2 + 144*p - 16. Give j(72).
-16
Let d(r) = r**3 - 59*r**2 - 338*r + 19948. Calculate d(59).
6
Let l(f) = 6*f**3 - 13*f**2 + 11*f - 21. Calculate l(2).
-3
Let v(h) = h**3 - 39*h**2 + 214*h + 87. Determine v(7).
17
Let x(u) = 29*u - 811. Give x(31).
88
Let i(v) = v**3 - 16*v**2 - 2*v + 1. What is i(16)?
-31
Let o(p) = -346*p + 4616. Give o(13).
118
Let o(z) = -6*z**2 - 22*z - 2. What is o(2)?
-70
Let g(p) = -p**3 - 29*p**2 + 34*p + 31. Determine g(-30).
-89
Let g(l) = 3*l**2 - 22*l - 17. Calculate g(11).
104
Let f(b) = -b**3 - 17*b**2 - 99*b - 3174. Calculate f(-20).
6
Let m(p) = -207*p + 738. What is m(5)?
-297
Let s(k) = k**3 - 15*k**2 + 283*k - 4795. What is s(16)?
-11
Let g(j) = -8*j**3 + 598*j**2 + 146*j + 281. Calculate g(75).
-19
Let p(i) = 6*i**2 - 495*i + 217. Give p(82).
-29
Let a(i) = -2*i + 153. Determine a(85).
-17
Let w(b) = 2*b**2 - 11*b - 501. Determine w(-13).
-20
Let v(w) = -4*w**3 - 16*w**2 + 25*w + 149. Determine v(-4).
49
Let t(o) = o**2 - 39*o - 40. Calculate t(31).
-288
Let w(h) = h**2 - 59*h + 864. Calculate w(32).
0
Let g(a) = 97*a + 164. Calculate g(-1).
67
Let l(d) = -39*d - 4718. Give l(-121).
1
Let k(f) = f**3 - 14*f**2 - 31*f - 53. Give k(16).
-37
Let v(c) = -51*c - 328. Determine v(-8).
80
Let a(n) = 2*n**3 + 43*n**2 + 16*n - 111. Determine a(-21).
-6
Let c(r) = 4*r**2 + 562*r + 2186. Determine c(-4).
2
Let m(p) = -53*p - 112. Calculate m(-2).
-6
Let w(r) = 161*r - 27. Calculate w(0).
-27
Let p(d) = 75*d**2 - 1210*d + 174. Calculate p(16).
14
Let z(y) = -3*y**2 + 130*y - 207. Determine z(42).
-39
Let h(n) = -4*n**2 + 34*n - 90. Determine h(7).
-48
Let y(m) = -36*m + 1. Calculate y(-2).
73
Let m(j) = j**3 - 17*j**2 + 210*j - 2699. Calculate m(15).
1
Let v(d) = -d**2 + 63*d - 142. Determine v(62).
-80
Let n(v) = v**3 - 74*v**2 - 4557*v - 348. Determine n(114).
-6
Let t(i) = -65*i - 510. What is t(-12)?
270
Let l(a) = 2*a**2 + 30*a - 653. Calculate l(-27).
-5
Let h(z) = -32*z - 1071. What is h(-37)?
113
Let y(c) = -185*c - 929. Determine y(-6).
181
Let c(v) = -4*v**3 + 12*v**2 + 5*v - 29. Calculate c(5).
-204
Let z(i) = 60*i**3 + i**2 - 121*i - 123. What is z(-1)?
-61
Let u(x) = -165*x